-12). Suppose -a*x - 6 = 0, -47 = -3*p + 3*x - 14. Suppose -135 = -16*g + 11*g. What is the highest common divisor of g and p?
9
Let y(m) = 25*m - 140. Let d be y(8). Let a(b) = b**2 - 3*b + 9. Let u be a(6). Let o = u + -15. What is the greatest common divisor of d and o?
12
Let v = -31 + 79. Suppose -80 = v*q - 53*q. What is the highest common divisor of 16 and q?
16
Let a be (-4)/14 + -4*(-591)/42. What is the greatest common divisor of a and 16?
8
Suppose 2*g - 2 - 10 = 0. Suppose g*q + 2*n - 80 = q, -85 = -5*q - 3*n. Calculate the highest common divisor of q and 56.
14
Let y(s) = -55*s - 290. Let c be y(-8). Calculate the highest common factor of c and 18.
6
Suppose -98*i + 16929 = i. Calculate the highest common factor of 63 and i.
9
Let x be (205/(-4))/(-1 + 9/8). Let a = x - -592. What is the highest common divisor of 26 and a?
26
Let h be -32*1/(-5)*10. Suppose -h = -3*x + 17. Let l be (-5395)/(-250)*5 + (-1)/(-10). Calculate the greatest common factor of l and x.
27
Let c(g) = -2*g**3 + 32*g**2 - 2*g + 37. Let s(i) = -2*i**2 + 29*i - 23. Let a be s(13). Let j be c(a). What is the greatest common divisor of j and 15?
5
Suppose 3*v - 120 = 2*v - k, k - 3 = 0. Let i = 1 + -1. Let b = v - i. What is the greatest common divisor of 13 and b?
13
Let x(g) = g + 1. Let h(f) = 21*f + 5. Let c(n) = -h(n) + 4*x(n). Let k be c(-3). Let z = 72 - k. What is the greatest common factor of z and 88?
22
Let o be (-40)/100 - (-4592)/5. What is the highest common divisor of o and 108?
54
Let w = 916 - 846. What is the greatest common factor of w and 322?
14
Let b be 0 - (12/1 - 4). Let o be 3/(-6) - 116/b. Let r = -146 + 244. What is the greatest common factor of o and r?
14
Let q(h) = h**3 + h**2 + 79. Let i be q(0). Let t = i - 57. Calculate the greatest common factor of t and 22.
22
Let i = 33 + -11. Let y(p) = -2*p**3 - 11*p**2 - 19*p - 4. Let d be y(-5). Calculate the greatest common factor of d and i.
22
Let a be (330/(-9))/((-12)/234). Calculate the greatest common divisor of 55 and a.
55
Let h be 15/(-6) + 2 + 185/2. Calculate the highest common factor of 23 and h.
23
Let s be ((-11)/((-22)/(-16)) + 9)*70. Suppose -1 + 6 = -5*a. Let i be (0 + 35)*a/(-1). What is the greatest common factor of i and s?
35
Let j be (-10 - (-6 - -4))/((-8)/36). What is the greatest common factor of 4 and j?
4
Let c be 456/33 + (-4)/(-22). Let g = -7 + 49. What is the greatest common factor of c and g?
14
Suppose 2*w - 4*m - 12 = -4, -3*m - 7 = -2*w. Suppose 0 = 4*l + 3*x - 358, 178 = w*l - 2*x + 3*x. Calculate the highest common divisor of l and 11.
11
Let t be 25 - 2 - (4 - (4 + -1)). Calculate the highest common divisor of 6 and t.
2
Let z(u) = -u**2 - u + 7. Let f be z(-3). Let w be (0 - f - -161) + 0. Calculate the highest common divisor of w and 64.
32
Let k be (90/(-4))/(3/(-4)). Let q(s) = s**2 + 2*s + 2. Let i be q(6). What is the greatest common divisor of i and k?
10
Let k be 1/2 - 13/(130/(-15)). Calculate the highest common factor of 26 and k.
2
Let c(b) = 2*b + 1. Let x be c(3). Suppose -32*t + 30*t = -6, 44 = 5*r + 3*t. What is the highest common divisor of x and r?
7
Let m be 60/570 - (-207)/19. Let o be 2*(m/2 - 3). Let b = -1 - -46. What is the greatest common factor of b and o?
5
Suppose 0 = -2*k + 2*t - t + 23, k + 5*t + 16 = 0. Let o = k - -5. Calculate the greatest common divisor of o and 28.
14
Let i(d) = d**3 - 12*d**2 - 36*d + 133. Let o be i(14). Let m be (2/(-3))/(2/(-21)). What is the highest common divisor of o and m?
7
Suppose h + 9 = -3*h + 5*t, h + 5*t = 29. Suppose 0*b = -b - 3*x, 0 = b - 3*x. Suppose b = -4*k + 7*k - 24. Calculate the greatest common divisor of h and k.
4
Let p(q) = -3*q + 6. Let z be p(4). Let g = z - -32. Suppose 5*b - 2*b = 195. What is the highest common factor of g and b?
13
Let x(w) = w**3 + 3*w**2 - 3*w - 3. Let v be x(-2). Let j(g) = -25*g + v*g - 2 + 0. Let t be j(-5). Calculate the highest common divisor of 11 and t.
11
Let y(u) = -u**2 - 8*u + 6. Let h be y(-5). What is the greatest common divisor of 777 and h?
21
Let t = -3 - -5. Let j = -85 - -87. Calculate the highest common factor of t and j.
2
Suppose 19*q - 803 = 166. Calculate the greatest common divisor of q and 9.
3
Let j be 22/4*4/2. Let n = -48 - -23. Let u = n - -47. What is the highest common factor of u and j?
11
Let j = 50 + 175. What is the highest common divisor of 75 and j?
75
Suppose 38*v - 288 = -10*v. Suppose -q - 10 = -6*q. Suppose -4*g + q*b = -15 - 19, -4*g - 5*b = 1. What is the highest common divisor of v and g?
6
Let l(i) = 7*i - 7. Let j be l(6). Suppose 11*y + j = 16*y. What is the greatest common factor of y and 49?
7
Let h be 239 + (88/28 - 1/7). What is the highest common factor of 33 and h?
11
Let f(b) = -b**3 - 3*b**2 + 3*b - 3. Let u be f(-5). Let z = 38 - u. Calculate the greatest common factor of z and 24.
6
Let v(w) = 6*w + 17. Let u(c) = -c. Let o(z) = -3*u(z) - v(z). Let f be o(-7). Let h be 6*f/(-8) + 17. Calculate the greatest common divisor of h and 14.
14
Let d be 30/(-4)*(3 + (-153)/15). Let m(p) = 3*p**2 + 13*p + 9. Let b be m(-9). What is the highest common factor of d and b?
27
Suppose h = -2*h + 3*f + 9, -3*f - 23 = 4*h. Let m = h + 12. Let q be (-4 - -3)*3 + 5. What is the highest common factor of q and m?
2
Let o = 16 - 60. Let p be (1 + -5)/((-4)/o). Let j be 48/(p/(-16) - 2). What is the highest common factor of j and 8?
8
Let f(t) = -t**2 - 23*t - 37. Let y be f(-21). Suppose y*r - 2697 = -662. What is the greatest common factor of r and 37?
37
Suppose n + 3*d + 19 = 7, 2*n = -4*d - 14. Suppose -2 = -n*v + 2*v. Let p be 15/v*32/6. Calculate the highest common factor of p and 16.
8
Let v be 15*(3 + 10/(-3)). Let u be v/(7/14*3/(-12)). What is the greatest common divisor of 40 and u?
40
Let k be (-9)/(-6) + (-1)/(-2). Suppose 7*r - k*r = 115. Suppose 3*c - 95 = -r. What is the greatest common factor of 16 and c?
8
Let g = -125 - -63. Let h = g + 95. Calculate the highest common factor of 3 and h.
3
Let s be (-549)/(-6) - 4/8. Suppose 288 = 31*n + 71. Calculate the highest common divisor of s and n.
7
Suppose 25*g + 4 = 26*g. Suppose -3*y + 5*a + 50 = 0, 6 = g*y - 4*a - 58. What is the greatest common divisor of 135 and y?
15
Let d = 177 + -140. Suppose 4*a = -a + 370. What is the greatest common factor of a and d?
37
Suppose s = 4*c - 59, -c + 9 = -3*s - 3. Let h be -1*((0 - -3) + -9). What is the highest common divisor of c and h?
3
Let l be (3528/(-45) - (-2)/5) + 3. Let c be ((-4)/3)/(-2*(-5)/l). Calculate the highest common divisor of c and 30.
10
Suppose -13 = -k - 3*n, -4*k + 52*n - 48*n = -68. Let i be 58/6 - (-6)/(-9). Suppose -4*t = i - 41. Calculate the highest common factor of k and t.
8
Let b be 2/(-56)*-4 + (-2070)/(-63). Calculate the greatest common divisor of b and 132.
33
Let g be 2/9 + 749*(-2)/(-63). Let u(q) = -7*q**3 - 3*q - 2. Let y be u(-1). What is the highest common factor of y and g?
8
Let w = 170 + -162. Calculate the greatest common factor of 44 and w.
4
Let a(y) = 6*y**2 - 13*y - 10. Let d be a(3). Let c be (2 + 1)/((-1)/(-15)). What is the highest common divisor of c and d?
5
Let k = -13 + 15. Suppose t - 312 = -k*t. Let a = -23 + 36. Calculate the highest common divisor of t and a.
13
Let f be 6/(-4)*1*-4. Let o = 16 - 13. Suppose v + o = 2*v. Calculate the highest common factor of f and v.
3
Let t = -155 - -160. Calculate the highest common divisor of 65 and t.
5
Let c(q) = 7*q + 2. Let y be c(6). Calculate the highest common divisor of y and 55.
11
Suppose -s + 18 = 2*g, 2*s - 2*g - 32 = -4*g. Let b(q) = -q**2 - 53*q - 350. Let k be b(-42). What is the highest common divisor of s and k?
14
Suppose s = 2*s - 4, 4*f + 5*s = -4. Let z be -3*(f/9 - 0). Suppose -28*p + 25*p = -3. What is the highest common divisor of z and p?
1
Suppose 0 = 2*w + 2, 2*r + 3*w = 4*r - 19. Let b = 221 + 11. Calculate the highest common factor of b and r.
8
Suppose -4*s + 76 = 24. Let n = 12 + s. Suppose -2*c = 8, 4*f - 12 - 16 = 2*c. Calculate the highest common factor of f and n.
5
Let f = 20 - 15. Suppose 15 = v - 5*l, 12 = -f*v + 2*l + 110. Suppose g - v = -g. What is the highest common factor of g and 70?
10
Suppose -4*a + 23 = 7. Let q be 4*2/(-4) - a. Let z be 2/(-3) + (-172)/q. What is 